{"id":3,"date":"2023-05-25T20:27:27","date_gmt":"2023-05-25T20:27:27","guid":{"rendered":"https:\/\/compraramilsaude.com.br\/?page_id=3"},"modified":"2025-10-21T17:57:37","modified_gmt":"2025-10-21T17:57:37","slug":"politica-de-privacidade","status":"publish","type":"page","link":"https:\/\/compraramilsaude.com.br\/index.php\/politica-de-privacidade\/","title":{"rendered":"Pol\u00edtica de Privacidade"},"content":{"rendered":"\t\t<div data-elementor-type=\"wp-page\" data-elementor-id=\"3\" class=\"elementor elementor-3\">\n\t\t\t\t\t\t<section class=\"elementor-section elementor-top-section elementor-element elementor-element-bfb5e84 elementor-section-boxed elementor-section-height-default elementor-section-height-default\" data-id=\"bfb5e84\" data-element_type=\"section\" data-e-type=\"section\">\n\t\t\t\t\t\t<div class=\"elementor-container elementor-column-gap-default\">\n\t\t\t\t\t<div class=\"elementor-column elementor-col-100 elementor-top-column elementor-element elementor-element-6f56a83\" data-id=\"6f56a83\" data-element_type=\"column\" data-e-type=\"column\">\n\t\t\t<div class=\"elementor-widget-wrap elementor-element-populated\">\n\t\t\t\t\t\t<div class=\"elementor-element elementor-element-fc907df elementor-widget elementor-widget-spacer\" data-id=\"fc907df\" data-element_type=\"widget\" data-e-type=\"widget\" data-widget_type=\"spacer.default\">\n\t\t\t\t<div class=\"elementor-widget-container\">\n\t\t\t\t\t\t\t<div class=\"elementor-spacer\">\n\t\t\t<div class=\"elementor-spacer-inner\"><\/div>\n\t\t<\/div>\n\t\t\t\t\t\t<\/div>\n\t\t\t\t<\/div>\n\t\t\t\t<div class=\"elementor-element elementor-element-f5cf224 elementor-widget elementor-widget-heading\" data-id=\"f5cf224\" data-element_type=\"widget\" data-e-type=\"widget\" data-widget_type=\"heading.default\">\n\t\t\t\t<div class=\"elementor-widget-container\">\n\t\t\t\t\t<h2 class=\"elementor-heading-title elementor-size-default\">Pol\u00edtica de Privacidade<\/h2>\t\t\t\t<\/div>\n\t\t\t\t<\/div>\n\t\t\t\t<div class=\"elementor-element elementor-element-69c19b77 elementor-widget elementor-widget-text-editor\" data-id=\"69c19b77\" data-element_type=\"widget\" data-e-type=\"widget\" data-widget_type=\"text-editor.default\">\n\t\t\t\t<div class=\"elementor-widget-container\">\n\t\t\t\t\t\t\t\t\t<p><span style=\"font-family: var( --e-global-typography-text-font-family ), Sans-serif; font-weight: var( --e-global-typography-text-font-weight ); font-size: 1rem;\">Esta Pol\u00edtica tem por objetivo informar sobre quais informa\u00e7\u00f5es e dados pessoais a W Assessoria de Seguros coleta durante a intera\u00e7\u00e3o com voc\u00ea e como a W Assessoria de Seguros pode utilizar tais dados.<\/span><\/p>\n<p><b>Informa\u00e7\u00f5es fornecidas pelo Usu\u00e1rio<\/b><\/p>\n<p>A W Assessoria de Seguros pode obter informa\u00e7\u00f5es pessoais que o identifiquem ou que possam ser usadas em combina\u00e7\u00e3o com outras informa\u00e7\u00f5es para identific\u00e1-lo. Exemplos de informa\u00e7\u00f5es pessoais que o identificam incluem, seu nome, informa\u00e7\u00f5es de contato, endere\u00e7o de e-mail e outras informa\u00e7\u00f5es que em combina\u00e7\u00e3o podem identificar o Usu\u00e1rio (\u201cInforma\u00e7\u00f5es Pessoais\u201d).<\/p>\n<p>Ao criar uma conta no site da W Assessoria de Seguros, se inscrever em nosso mailing list ou preencher formul\u00e1rios das p\u00e1ginas web da W Assessoria de Seguros, Voc\u00ea fornecer\u00e1 as seguintes informa\u00e7\u00f5es pessoais para a W Assessoria de Seguros: Nome completo, endere\u00e7o, e-mail, empresa na qual trabalha e outras informa\u00e7\u00f5es semelhantes. Estas informa\u00e7\u00f5es ser\u00e3o coletadas e armazenadas para que a W Assessoria de Seguros possa identificar e se comunicar com voc\u00ea quando necess\u00e1rio.<\/p>\n<p>Certas fun\u00e7\u00f5es e \u00e1reas de nossos sistemas permitem que voc\u00ea compartilhe informa\u00e7\u00f5es pessoais adicionais, tais como localiza\u00e7\u00e3o, grupos de interesse, prefer\u00eancias ou regi\u00e3o. Podemos usar as informa\u00e7\u00f5es pessoais para enviar e-mails sobre nossas atividades, responder a suas d\u00favidas, melhorar nossos sistemas, verificar seu relacionamento conosco e tomar outras a\u00e7\u00f5es que possam ser necess\u00e1rias para responder a suas solicita\u00e7\u00f5es.<\/p>\n<p><b>Informa\u00e7\u00f5es coletadas pela W Assessoria de Seguros<\/b><\/p>\n<p>A W Assessoria de Seguros coleta dados de servi\u00e7os, diagn\u00f3stico e desempenho de seus sistemas. Isso inclui informa\u00e7\u00f5es sobre as atividades executadas pelos usu\u00e1rios, sua localiza\u00e7\u00e3o, arquivos de registro, al\u00e9m de registros e relat\u00f3rios de diagn\u00f3stico, falhas, website e desempenho.<\/p>\n<p>A W Assessoria de Seguros coleta dados espec\u00edficos sobre o dispositivo quando nossos Servi\u00e7os s\u00e3o instalados, acessados ou utilizados pelo Usu\u00e1rio. Isso inclui dados como modelo de hardware, dados do sistema operacional, dados sobre o navegador, endere\u00e7o de IP, dados sobre a rede m\u00f3vel e identificadores do dispositivo.<\/p>\n<p>A W Assessoria de Seguros utiliza cookies para operar e prestar seus servi\u00e7os, aprimorar as experi\u00eancias dos usu\u00e1rios, entender como nossos servi\u00e7os s\u00e3o utilizados e personalizar os nossos servi\u00e7os. Cookies podem ser utilizados para entender quais s\u00e3o as perguntas frequentes mais populares e mostrar conte\u00fado relevante relacionado com os nossos servi\u00e7os. Al\u00e9m disso, podemos utilizar cookies para lembrar das escolhas dos usu\u00e1rios e personalizar os servi\u00e7os.<\/p>\n<p><b>Uso e compartilhamento das Informa\u00e7\u00f5es<\/b><\/p>\n<p>A W Assessoria de Seguros usa as informa\u00e7\u00f5es coletadas para operar e prestar os seus servi\u00e7os, inclusive para o envio de e-mails sobre suas atividades, oferta de servi\u00e7os, suporte aos usu\u00e1rios, aprimoramento de sistemas, corre\u00e7\u00e3o de falhas e personaliza\u00e7\u00e3o de seus servi\u00e7os. As Informa\u00e7\u00f5es tamb\u00e9m s\u00e3o usadas para promover a seguran\u00e7a em seus sistemas e efetuar login por meio de senha de maneira segura.<\/p>\n<p>A W Assessoria de Seguros n\u00e3o far\u00e1 qualquer uso materialmente diferente ou ceder\u00e1 suas Informa\u00e7\u00f5es Pessoais para terceiros para outros fins que n\u00e3o os relacionados com os servi\u00e7os prestados pela W Assessoria de Seguros ou descritos nesta Pol\u00edtica, salvo se previamente cientificar o usu\u00e1rio e der a oportunidade de recusa.<\/p>\n<p>A W Assessoria de Seguros pode compartilhar e transferir suas Informa\u00e7\u00f5es Pessoais com funcion\u00e1rios, contratados ou parceiros que realizam atividades para a W Assessoria de Seguros, como enviar mensagens de e-mail, gerenciar dados, hospedar bancos de dados, fornecer servi\u00e7os de processamento de dados, fornecer atendimento ao cliente ou para aprimorar os seus servi\u00e7os. Os funcion\u00e1rios, contratados, ou parceiros est\u00e3o impedidos de usar as suas Informa\u00e7\u00f5es Pessoais de qualquer outra forma que n\u00e3o seja fornecer servi\u00e7os para a W Assessoria de Seguros ou para colaborar em projetos da W Assessoria de Seguros.<\/p>\n<p>A W Assessoria de Seguros tamb\u00e9m usa as informa\u00e7\u00f5es para cumprir obriga\u00e7\u00f5es legais ou judiciais, como investiga\u00e7\u00e3o de condutas il\u00edcitas por autoridades governamentais ou para fazer valer seus direitos e garantir o cumprimento de seus contratos. Isto inclui o atendimento a intima\u00e7\u00f5es ou outras solicita\u00e7\u00f5es legais das autoridades governamentais, para fornecer seguran\u00e7a na Internet ou quando exigido por lei.<\/p>\n<p><b>Prote\u00e7\u00e3o das Informa\u00e7\u00f5es<\/b><\/p>\n<p>A W Assessoria de Seguros fornece prote\u00e7\u00f5es f\u00edsicas, eletr\u00f4nicas e de procedimentos razo\u00e1veis para proteger as Informa\u00e7\u00f5es. Por exemplo, o acesso a essas informa\u00e7\u00f5es \u00e9 limitado a funcion\u00e1rios, prestadores de servi\u00e7os e contratados autorizados que efetivamente precisam de acesso para executar as atividades descritas nesta Pol\u00edtica.<\/p>\n<p>O Aplicativo e as Informa\u00e7\u00f5es s\u00e3o armazenados em servidores que contam com as mais modernas ferramentas de prote\u00e7\u00e3o de dados dispon\u00edveis atualmente, como antiv\u00edrus, firewall, controle e autentica\u00e7\u00e3o de acesso remoto e f\u00edsico aos servidores.<\/p>\n<p>A W Assessoria de Seguros esclarece que por mais que se esforce para fornecer seguran\u00e7a razo\u00e1vel para as Informa\u00e7\u00f5es processadas e mantidas, nenhum sistema de seguran\u00e7a pode impedir todas as poss\u00edveis viola\u00e7\u00f5es de seguran\u00e7a.<\/p>\n<p><b>Informa\u00e7\u00f5es sobre seus direitos<\/b><\/p>\n<p>Os seguintes direitos est\u00e3o dispon\u00edveis para voc\u00ea de acordo com a legisla\u00e7\u00e3o de privacidade de dados pessoais:<\/p>\n<ul style=\"margin-top: 0cm;\" type=\"disc\">\n<li>Direito de informa\u00e7\u00e3o sobre seus dados pessoais armazenados por n\u00f3s;<\/li>\n<li>Direito de solicitar a corre\u00e7\u00e3o, exclus\u00e3o ou processamento restrito de seus dados pessoais;<\/li>\n<li>Direito de se opor a um processamento, a menos que possamos provar que esse processamento \u00e9 feito para os fins da afirma\u00e7\u00e3o, exerc\u00edcio ou defesa de reivindica\u00e7\u00f5es legais;<\/li>\n<li>Direito \u00e0 portabilidade de dados;<\/li>\n<li>Direito de registrar uma reclama\u00e7\u00e3o com uma autoridade de prote\u00e7\u00e3o de dados.<\/li>\n<\/ul>\n<p>Voc\u00ea pode, a qualquer momento, com efeito futuro, revogar seu consentimento para a coleta, processamento e uso de seus dados pessoais. Para mais informa\u00e7\u00f5es, consulte os cap\u00edtulos acima, descrevendo o processamento de dados com base no seu consentimento.<\/p>\n<p>Se voc\u00ea deseja exercer seus direitos, envie sua solicita\u00e7\u00e3o ao formul\u00e1rio de contato de nosso website.<\/p>\n<p><b>Altera\u00e7\u00f5es na Pol\u00edtica de Privacidade<\/b><\/p>\n<p>A W Assessoria de Seguros pode atualizar esta Pol\u00edtica de Privacidade de tempos em tempos. Quando atualizada, a W Assessoria de Seguros disponibilizar\u00e1 a Pol\u00edtica atualizada. As Informa\u00e7\u00f5es sempre ser\u00e3o tratadas de acordo com a Pol\u00edtica de Privacidade em vigor no momento em que foram coletadas.<\/p>\n<p>\u00a0<\/p>\n<p>\u00a0<\/p>\n<p><!-- \/wp:paragraph --><\/p>\t\t\t\t\t\t\t\t<\/div>\n\t\t\t\t<\/div>\n\t\t\t\t<div class=\"elementor-element elementor-element-c172440 elementor-widget elementor-widget-spacer\" data-id=\"c172440\" data-element_type=\"widget\" data-e-type=\"widget\" data-widget_type=\"spacer.default\">\n\t\t\t\t<div class=\"elementor-widget-container\">\n\t\t\t\t\t\t\t<div class=\"elementor-spacer\">\n\t\t\t<div class=\"elementor-spacer-inner\"><\/div>\n\t\t<\/div>\n\t\t\t\t\t\t<\/div>\n\t\t\t\t<\/div>\n\t\t\t\t\t<\/div>\n\t\t<\/div>\n\t\t\t\t\t<\/div>\n\t\t<\/section>\n\t\t\t\t<\/div>\n\t\t","protected":false},"excerpt":{"rendered":"<p>Pol\u00edtica de Privacidade Esta Pol\u00edtica tem por objetivo informar sobre quais informa\u00e7\u00f5es e dados pessoais a W Assessoria de Seguros coleta durante a intera\u00e7\u00e3o com voc\u00ea e como a W Assessoria de Seguros pode utilizar tais dados. Informa\u00e7\u00f5es fornecidas pelo Usu\u00e1rio A W Assessoria de Seguros pode obter informa\u00e7\u00f5es pessoais que o identifiquem ou que [&hellip;]<\/p>\n","protected":false},"author":1,"featured_media":0,"parent":0,"menu_order":0,"comment_status":"closed","ping_status":"closed","template":"","meta":{"footnotes":""},"class_list":["post-3","page","type-page","status-publish","hentry"],"yoast_head":"<!-- This site is optimized with the Yoast SEO plugin v27.1.1 - https:\/\/yoast.com\/product\/yoast-seo-wordpress\/ -->\n<title>Pol\u00edtica de Privacidade - Amil Saude<\/title>\n<meta name=\"robots\" content=\"index, follow, max-snippet:-1, max-image-preview:large, max-video-preview:-1\" \/>\n<link rel=\"canonical\" href=\"https:\/\/compraramilsaude.com.br\/index.php\/politica-de-privacidade\/\" \/>\n<meta property=\"og:locale\" content=\"en_US\" \/>\n<meta property=\"og:type\" content=\"article\" \/>\n<meta property=\"og:title\" content=\"Pol\u00edtica de Privacidade - Amil Saude\" \/>\n<meta property=\"og:description\" content=\"Pol\u00edtica de Privacidade Esta Pol\u00edtica tem por objetivo informar sobre quais informa\u00e7\u00f5es e dados pessoais a W Assessoria de Seguros coleta durante a intera\u00e7\u00e3o com voc\u00ea e como a W Assessoria de Seguros pode utilizar tais dados. Informa\u00e7\u00f5es fornecidas pelo Usu\u00e1rio A W Assessoria de Seguros pode obter informa\u00e7\u00f5es pessoais que o identifiquem ou que [&hellip;]\" \/>\n<meta property=\"og:url\" content=\"https:\/\/compraramilsaude.com.br\/index.php\/politica-de-privacidade\/\" \/>\n<meta property=\"og:site_name\" content=\"Amil Saude\" \/>\n<meta property=\"article:modified_time\" content=\"2025-10-21T17:57:37+00:00\" \/>\n<meta name=\"twitter:card\" content=\"summary_large_image\" \/>\n<meta name=\"twitter:label1\" content=\"Est. reading time\" \/>\n\t<meta name=\"twitter:data1\" content=\"5 minutes\" \/>\n<script type=\"application\/ld+json\" class=\"yoast-schema-graph\">{\"@context\":\"https:\/\/schema.org\",\"@graph\":[{\"@type\":\"WebPage\",\"@id\":\"https:\/\/compraramilsaude.com.br\/index.php\/politica-de-privacidade\/\",\"url\":\"https:\/\/compraramilsaude.com.br\/index.php\/politica-de-privacidade\/\",\"name\":\"Pol\u00edtica de Privacidade - Amil Saude\",\"isPartOf\":{\"@id\":\"https:\/\/compraramilsaude.com.br\/#website\"},\"datePublished\":\"2023-05-25T20:27:27+00:00\",\"dateModified\":\"2025-10-21T17:57:37+00:00\",\"breadcrumb\":{\"@id\":\"https:\/\/compraramilsaude.com.br\/index.php\/politica-de-privacidade\/#breadcrumb\"},\"inLanguage\":\"en-US\",\"potentialAction\":[{\"@type\":\"ReadAction\",\"target\":[\"https:\/\/compraramilsaude.com.br\/index.php\/politica-de-privacidade\/\"]}]},{\"@type\":\"BreadcrumbList\",\"@id\":\"https:\/\/compraramilsaude.com.br\/index.php\/politica-de-privacidade\/#breadcrumb\",\"itemListElement\":[{\"@type\":\"ListItem\",\"position\":1,\"name\":\"Home\",\"item\":\"https:\/\/compraramilsaude.com.br\/\"},{\"@type\":\"ListItem\",\"position\":2,\"name\":\"Pol\u00edtica de Privacidade\"}]},{\"@type\":\"WebSite\",\"@id\":\"https:\/\/compraramilsaude.com.br\/#website\",\"url\":\"https:\/\/compraramilsaude.com.br\/\",\"name\":\"Amil Saude\",\"description\":\"Os Melhores Planos de Sa\u00fade e Odontol\u00f3gicos Amil\",\"potentialAction\":[{\"@type\":\"SearchAction\",\"target\":{\"@type\":\"EntryPoint\",\"urlTemplate\":\"https:\/\/compraramilsaude.com.br\/?s={search_term_string}\"},\"query-input\":{\"@type\":\"PropertyValueSpecification\",\"valueRequired\":true,\"valueName\":\"search_term_string\"}}],\"inLanguage\":\"en-US\"}]}<\/script>\n<!-- \/ Yoast SEO plugin. -->","yoast_head_json":{"title":"Pol\u00edtica de Privacidade - Amil Saude","robots":{"index":"index","follow":"follow","max-snippet":"max-snippet:-1","max-image-preview":"max-image-preview:large","max-video-preview":"max-video-preview:-1"},"canonical":"https:\/\/compraramilsaude.com.br\/index.php\/politica-de-privacidade\/","og_locale":"en_US","og_type":"article","og_title":"Pol\u00edtica de Privacidade - Amil Saude","og_description":"Pol\u00edtica de Privacidade Esta Pol\u00edtica tem por objetivo informar sobre quais informa\u00e7\u00f5es e dados pessoais a W Assessoria de Seguros coleta durante a intera\u00e7\u00e3o com voc\u00ea e como a W Assessoria de Seguros pode utilizar tais dados. Informa\u00e7\u00f5es fornecidas pelo Usu\u00e1rio A W Assessoria de Seguros pode obter informa\u00e7\u00f5es pessoais que o identifiquem ou que [&hellip;]","og_url":"https:\/\/compraramilsaude.com.br\/index.php\/politica-de-privacidade\/","og_site_name":"Amil Saude","article_modified_time":"2025-10-21T17:57:37+00:00","twitter_card":"summary_large_image","twitter_misc":{"Est. reading time":"5 minutes"},"schema":{"@context":"https:\/\/schema.org","@graph":[{"@type":"WebPage","@id":"https:\/\/compraramilsaude.com.br\/index.php\/politica-de-privacidade\/","url":"https:\/\/compraramilsaude.com.br\/index.php\/politica-de-privacidade\/","name":"Pol\u00edtica de Privacidade - Amil Saude","isPartOf":{"@id":"https:\/\/compraramilsaude.com.br\/#website"},"datePublished":"2023-05-25T20:27:27+00:00","dateModified":"2025-10-21T17:57:37+00:00","breadcrumb":{"@id":"https:\/\/compraramilsaude.com.br\/index.php\/politica-de-privacidade\/#breadcrumb"},"inLanguage":"en-US","potentialAction":[{"@type":"ReadAction","target":["https:\/\/compraramilsaude.com.br\/index.php\/politica-de-privacidade\/"]}]},{"@type":"BreadcrumbList","@id":"https:\/\/compraramilsaude.com.br\/index.php\/politica-de-privacidade\/#breadcrumb","itemListElement":[{"@type":"ListItem","position":1,"name":"Home","item":"https:\/\/compraramilsaude.com.br\/"},{"@type":"ListItem","position":2,"name":"Pol\u00edtica de Privacidade"}]},{"@type":"WebSite","@id":"https:\/\/compraramilsaude.com.br\/#website","url":"https:\/\/compraramilsaude.com.br\/","name":"Amil Saude","description":"Os Melhores Planos de Sa\u00fade e Odontol\u00f3gicos Amil","potentialAction":[{"@type":"SearchAction","target":{"@type":"EntryPoint","urlTemplate":"https:\/\/compraramilsaude.com.br\/?s={search_term_string}"},"query-input":{"@type":"PropertyValueSpecification","valueRequired":true,"valueName":"search_term_string"}}],"inLanguage":"en-US"}]}},"_links":{"self":[{"href":"https:\/\/compraramilsaude.com.br\/index.php\/wp-json\/wp\/v2\/pages\/3","targetHints":{"allow":["GET"]}}],"collection":[{"href":"https:\/\/compraramilsaude.com.br\/index.php\/wp-json\/wp\/v2\/pages"}],"about":[{"href":"https:\/\/compraramilsaude.com.br\/index.php\/wp-json\/wp\/v2\/types\/page"}],"author":[{"embeddable":true,"href":"https:\/\/compraramilsaude.com.br\/index.php\/wp-json\/wp\/v2\/users\/1"}],"replies":[{"embeddable":true,"href":"https:\/\/compraramilsaude.com.br\/index.php\/wp-json\/wp\/v2\/comments?post=3"}],"version-history":[{"count":25,"href":"https:\/\/compraramilsaude.com.br\/index.php\/wp-json\/wp\/v2\/pages\/3\/revisions"}],"predecessor-version":[{"id":2665,"href":"https:\/\/compraramilsaude.com.br\/index.php\/wp-json\/wp\/v2\/pages\/3\/revisions\/2665"}],"wp:attachment":[{"href":"https:\/\/compraramilsaude.com.br\/index.php\/wp-json\/wp\/v2\/media?parent=3"}],"curies":[{"name":"wp","href":"https:\/\/api.w.org\/{rel}","templated":true}]}}